Let v(m) = -9*m**2 + 812*m + 2320. What is v(93)?
-5
Let v(c) = -13748*c + 1388600. Give v(101).
52
Let t(c) = 1783*c + 12486. Give t(-7).
5
Let t(p) = p**2 - 2215*p - 183609. Determine t(-80).
-9
Let k(w) = 55*w**2 - 713*w - 4058. What is k(-6)?
2200
Let m(c) = c**3 - 93*c**2 + 572*c + 180. Give m(7).
-30
Let q(y) = -27*y + 1039. Calculate q(34).
121
Let o(k) = -1057409*k + 6344501. What is o(6)?
47
Let l(j) = 218480*j - 1529352. Calculate l(7).
8
Let z(s) = 1722*s + 8928. Determine z(-5).
318
Let w(k) = 9*k**2 - 2183*k + 1237. What is w(242)?
27
Let y(h) = 2*h**2 + 646*h - 145642. Calculate y(-476).
14
Let s(w) = 79*w**3 - 66113*w**2 - 8368*w - 1669. Give s(837).
5
Let t(l) = 391*l**2 + 18*l - 13. What is t(2)?
1587
Let r(f) = -45898*f + 275500. What is r(6)?
112
Let x(k) = -k**3 + 35*k**2 + 107*k - 138. Determine x(39).
-2049
Let o(m) = -4*m**2 + 217*m - 1890. Calculate o(40).
390
Let z(d) = -683*d**2 - 57*d - 11. Determine z(1).
-751
Let p(g) = 2*g**2 + 87611*g + 19611229. Determine p(-225).
4
Let l(b) = 51*b - 177. Calculate l(5).
78
Let g(d) = 8*d**2 - 7855*d - 327007. Give g(-40).
-7
Let a(q) = 610192*q + 23797474. What is a(-39)?
-14
Let y(j) = 26*j**3 + 572*j**2 + 20*j + 454. Calculate y(-22).
14
Let s(o) = o**3 - 47*o**2 - 824*o + 2612. Calculate s(60).
-28
Let p(k) = -7930*k + 6677. Determine p(2).
-9183
Let f(o) = -o**3 - 9*o**2 - 38*o + 490. Give f(11).
-2348
Let q(i) = -i**3 - 741*i**2 + 10576*i - 66. Give q(14).
18
Let s(p) = 94*p**2 - 15*p + 140. Calculate s(5).
2415
Let n(o) = -474*o - 699. What is n(0)?
-699
Let z(g) = -213*g - 27511. Determine z(-140).
2309
Let n(q) = -q**2 + 64*q - 1136. Give n(46).
-308
Let q(a) = 17677*a + 88384. What is q(-5)?
-1
Let h(y) = -14*y**3 - 447*y**2 + 44*y + 524. Give h(-32).
140
Let r(x) = 10500*x - 892501. Calculate r(85).
-1
Let d(l) = 212*l + 18441. What is d(-84)?
633
Let j(p) = -21*p**3 - 274*p**2 + 4217*p - 446. Determine j(9).
4
Let f(u) = -3*u**2 + 270*u + 8818. Calculate f(-35).
-4307
Let r(c) = 1081382*c + 4325528. Determine r(-4).
0
Let b(w) = 3028*w + 12216. What is b(-4)?
104
Let t(u) = -2*u**3 - 28*u**2 + 77*u + 40. Calculate t(5).
-525
Let g(d) = -72*d**2 - 462*d - 25. Determine g(-6).
155
Let g(n) = -189*n**2 + 5862*n - 48. What is g(31)?
45
Let t(m) = -616*m**2 - 3148*m - 319. Give t(-5).
21
Let i(s) = 20*s**3 - 377*s**2 - 48*s - 239. Calculate i(19).
-68
Let r(y) = -15669*y - 2601057. Calculate r(-166).
-3
Let a(o) = 28*o**2 - 236*o + 205. Calculate a(1).
-3
Let z(g) = -3*g**3 + 15*g**2 + 114*g - 182. What is z(-5)?
-2
Let z(n) = -14*n**2 - 233*n + 535. Calculate z(2).
13
Let n(h) = h**2 + 283*h - 2044. Calculate n(-290).
-14
Let s(c) = c**2 - 136*c + 873. Determine s(115).
-1542
Let y(p) = -137*p + 13928. Give y(102).
-46
Let x(a) = -8*a**2 - 858*a - 21890. What is x(-42)?
34
Let s(w) = 142636*w - 713182. What is s(5)?
-2
Let k(z) = 5*z**2 + 1031*z - 2935. Determine k(-209).
-9
Let a(u) = 197*u**2 + 3701*u + 11102. Determine a(-3).
1772
Let u(x) = -58*x**2 + 1284*x - 308. What is u(22)?
-132
Let b(u) = -12*u**2 + 2425*u + 2239. Calculate b(203).
6
Let g(x) = 2*x**3 + 140*x**2 + 2498*x + 1965. Determine g(-37).
-107
Let t(n) = -7*n**3 + 1368*n**2 - 7213*n - 1284. Calculate t(190).
46
Let w(q) = q**3 + 14*q**2 + 198*q + 1916. Determine w(-11).
101
Let d(v) = 799*v**2 - 10413*v + 342. Determine d(13).
4
Let i(f) = -543*f - 21074. What is i(-39)?
103
Let g(x) = 23*x**2 + 46*x - 808. What is g(12)?
3056
Let w(r) = -3*r**3 - 147*r**2 - 79*r + 62. Give w(-48).
-3058
Let y(u) = 387*u**2 + 15037*u - 2179. What is y(-39)?
5
Let x(u) = -1338*u - 17391. What is x(-13)?
3
Let c(l) = -114*l**2 + 1534*l + 4599. Calculate c(-3).
-1029
Let z(k) = -20*k**2 - 2330*k + 1138. Determine z(-117).
-32
Let t(r) = 3*r**2 - 31*r + 26. Determine t(7).
-44
Let i(y) = -y**2 + 1498*y - 472118. What is i(451)?
79
Let p(l) = 24651*l - 1552998. Give p(63).
15
Let g(k) = -150*k**2 - 350*k + 1424. Determine g(4).
-2376
Let u(o) = 5169*o + 1194039. Calculate u(-231).
0
Let m(a) = 211*a**3 + 18*a**2 - 89*a + 71. Determine m(1).
211
Let d(a) = -167*a - 34901. Determine d(-211).
336
Let n(r) = r**3 - 29*r**2 - 218*r + 7206. Determine n(27).
-138
Let x(b) = -b**3 - 27*b**2 - 83*b - 158. Give x(-18).
-1580
Let n(y) = -2267*y - 160963. Determine n(-71).
-6
Let g(r) = 103176*r + 1238138. What is g(-12)?
26
Let z(m) = -9*m**2 - 2290*m - 11474. Give z(-5).
-249
Let d(m) = 4381*m + 39473. Determine d(-9).
44
Let a(x) = 28*x**2 + 90*x - 147529. Give a(71).
9
Let o(z) = -z**2 + 152105*z + 608443. Give o(-4).
7
Let q(n) = -105953*n + 1801210. Calculate q(17).
9
Let n(v) = -162*v**2 - 205*v + 7. What is n(-1)?
50
Let z(m) = 7*m**2 + 318986*m - 1276050. Calculate z(4).
6
Let w(z) = 9*z**2 - 1455*z - 3408. Calculate w(164).
36
Let l(h) = -h**3 + 55*h**2 - 193*h - 480. Determine l(51).
81
Let q(g) = 3*g**2 - 2227*g - 2220. Give q(-1).
10
Let x(p) = p**3 + 31*p**2 + 74*p + 158. What is x(-29)?
-306
Let w(m) = -233397*m + 1633800. Give w(7).
21
Let w(i) = 214*i - 1413. Give w(9).
513
Let w(s) = 313*s - 5806. Give w(20).
454
Let a(m) = -8550*m - 179136. What is a(-21)?
414
Let l(o) = 2*o**3 + 50*o**2 - 59*o - 2283. Determine l(-20).
2897
Let d(u) = -157255*u + 471835. Determine d(3).
70
Let y(r) = -31800*r**2 - 667808*r - 49. Calculate y(-21).
119
Let t(z) = -z**3 + 27515*z**2 + 110072*z - 12. What is t(-4)?
4
Let l(u) = -4*u**2 + 6344*u + 4839549. Calculate l(-563).
1
Let r(q) = -6991*q + 3215956. Determine r(460).
96
Let f(k) = -6*k**2 + 203*k + 320. Give f(32).
672
Let a(t) = -2*t**3 + 570*t**2 - 27000*t - 99. Calculate a(60).
-99
Let u(i) = 66868*i + 11701907. Give u(-175).
7
Let u(l) = l**2 + 116*l + 4007. Determine u(-57).
644
Let u(o) = -o**3 - 16*o + 290. Give u(12).
-1630
Let b(a) = 3*a**3 - 283*a**2 - 172*a - 1606. Give b(95).
104
Let l(o) = -27734*o - 110939. What is l(-4)?
-3
Let x(n) = n**3 + 160*n**2 + 2920*n + 8302. Give x(-17).
-11
Let m(h) = 3*h**3 - 366*h**2 + 1085*h - 1673. Determine m(119).
-7
Let l(k) = -3*k**3 - 56*k**2 - 19*k - 161. Give l(-20).
1819
Let a(p) = 3*p**2 - 18*p - 272. Determine a(-9).
133
Let a(q) = -35*q**2 + 166*q + 10. Calculate a(5).
-35
Let g(h) = 5*h**3 - 25*h**2 + 64*h - 219. Give g(5).
101
Let p(a) = a**2 + 5*a - 7077. Calculate p(82).
57
Let w(y) = 75*y**2 + 907*y + 84. Give w(-12).
0
Let s(u) = -u**3 + 118*u**2 + 758*u - 15229. Determine s(-14).
31
Let v(t) = -10683*t - 10608207. Give v(-993).
12
Let r(m) = -65*m**2 - 125*m + 1213. Determine r(3).
253
Let i(n) = -197*n + 12796. Give i(65).
-9
Let w(r) = -4*r**3 - 300*r**2 - 503*r - 37696. Give w(-75).
29
Let f(o) = 59*o**2 + 166*o - 2. Give f(-1).
-109
Let a(t) = -t**3 + t**2 + 410*t + 1118. Give a(0).
1118
Let y(q) = 2*q**2 + 144*q + 1068. What is y(-53)?
-946
Let l(a) = a**3 + 763*a**2 - 5393*a + 22. Determine l(7).
1
Let i(n) = -180*n**2 + 19803*n + 44. Determine i(110).
374
Let n(l) = -439*l - 20275. What is n(-46)?
-81
Let h(z) = 4*z**2 + 54*z + 1172. Give h(-15).
1262
Let l(b) = -b**2 + 6101*b - 475732. Give l(79).
6
Let z(l) = -8*l**3 + 62*l**2 - 637*l + 4171. What is z(7)?
6
Let q(o) = -3105*o - 46653. Determine q(-15).
-78
Let s(c) = 248*c - 1885. What is s(9)?
347
Let u(k) = -29*k - 3951. What is u(-116)?
-587
Let s(h) = 3*h**2 + 6099*h - 48949. Determine s(8).
35
Let c(f) = 37*f**3 + 3245*f**2 - 71762*f - 8. Give c(-106).
-8
Let n(d) = -643*d + 36659. Calculate n(57).
8
Let w(r) = -r**3 - 15*r**2 + 340*r + 5186. Calculate w(-15).
86
Let z(t) = -t**2 + 289884*t - 1159522. Calculate z(4).
-2
Let r(f) = -68536*f - 479748. Give r(-7).
4
Let k(t) = -t**3 + 34*t**2 + 109*t - 503. Calculate k(37).
-577
Let j(b) = -4*b**3 + 42*b**2 - 124*b + 1052. Determine j(10).
12
Let c(q) = -33*q**3 + 288*q**2 + 301*q - 1974. What is c(9)?
6
Let x(g) = g**3 + 162*g**2 - 5966*g + 3307. Calculate x(-193).
26
Let k(m) = -10*m**3 + m**2 - 40071*m + 80138. Determine k(2).
-80
Let g(f) = -2*f**2 + 114*f - 3011. Calculate g(46).
-1999
Let d(h) = -3306*h + 161875. What is d(49)?
-119
Let c(y) = 3042*y + 231178. Give c(-76).
-14
Let k(d) = -704*d**2 + 40832*d + 6. Determine k(58).
6
Let d(i) = -2*i**2 - 178*i + 52816. What is d(124)?
-8
Let p(l) = -61037*l - 9277617. Calculate p(-152).
7
Let g(w) = 35455*w - 354448. Determine g(10).
102
Let v(s) =